nd 11324.
76
What is the highest common divisor of 251894 and 6?
2
Calculate the greatest common factor of 119444 and 416.
52
What is the highest common factor of 207 and 25415?
23
What is the highest common factor of 464372 and 578?
34
What is the highest common factor of 515148 and 168?
12
What is the greatest common divisor of 76306 and 16?
2
What is the greatest common divisor of 3 and 12153?
3
Calculate the greatest common divisor of 205 and 169166.
41
Calculate the highest common divisor of 3478 and 2538.
94
Calculate the greatest common factor of 66612 and 6097.
91
Calculate the greatest common factor of 2176 and 39950.
34
What is the greatest common divisor of 1960 and 7720?
40
Calculate the greatest common divisor of 16662 and 21.
3
Calculate the greatest common divisor of 118429 and 1.
1
Calculate the greatest common factor of 44 and 314996.
44
Calculate the greatest common divisor of 4965 and 375.
15
What is the greatest common divisor of 2418 and 1248?
78
Calculate the highest common divisor of 470 and 14852.
94
Calculate the greatest common divisor of 1052 and 2284.
4
What is the highest common divisor of 1544 and 280?
8
What is the highest common factor of 54966 and 150?
6
What is the highest common divisor of 1981336 and 56?
56
What is the greatest common factor of 1257 and 1740107?
419
What is the greatest common divisor of 16 and 8693?
1
Calculate the highest common factor of 292 and 1985600.
292
Calculate the greatest common factor of 6 and 114792.
6
What is the highest common factor of 176876 and 56?
28
Calculate the greatest common divisor of 145 and 3886.
29
Calculate the highest common divisor of 1151088 and 6.
6
What is the greatest common divisor of 423 and 4371?
141
Calculate the highest common factor of 26273 and 52.
13
What is the highest common factor of 254951 and 109?
109
What is the greatest common divisor of 34 and 61826?
2
Calculate the highest common factor of 30 and 21040.
10
What is the highest common factor of 25 and 452900?
25
What is the greatest common divisor of 299154 and 683?
683
Calculate the highest common factor of 2021 and 93389.
47
What is the greatest common factor of 88105 and 670?
335
Calculate the highest common divisor of 112409 and 121.
121
What is the highest common divisor of 3235375 and 1375?
1375
Calculate the highest common factor of 15407 and 8029.
217
Calculate the highest common divisor of 61370 and 5054.
722
What is the greatest common factor of 105 and 13895?
35
What is the highest common factor of 19 and 180937?
19
Calculate the highest common divisor of 306 and 43596.
18
What is the greatest common divisor of 16791 and 9843?
579
What is the highest common factor of 5764 and 56068?
524
Calculate the highest common divisor of 132 and 28512.
132
Calculate the greatest common factor of 65 and 80431.
13
Calculate the greatest common factor of 8132 and 134392.
428
What is the highest common factor of 1077455 and 2260?
565
What is the greatest common divisor of 45 and 4559385?
15
What is the highest common factor of 774692 and 29084?
2644
Calculate the greatest common factor of 253 and 1081.
23
What is the highest common factor of 81046 and 38869?
827
Calculate the greatest common divisor of 2170 and 322.
14
Calculate the greatest common factor of 63315 and 384.
3
Calculate the greatest common factor of 62636 and 28.
28
Calculate the highest common divisor of 1968 and 29192.
328
Calculate the highest common divisor of 5025 and 4905.
15
What is the greatest common factor of 26056 and 56?
8
What is the greatest common factor of 40 and 43170?
10
What is the greatest common factor of 219 and 865415?
73
Calculate the greatest common factor of 3287 and 4325.
173
Calculate the greatest common divisor of 1250 and 1285750.
250
Calculate the greatest common divisor of 584 and 8.
8
Calculate the highest common divisor of 14 and 807086.
14
What is the highest common factor of 80 and 40920?
40
What is the greatest common factor of 57841 and 7?
7
What is the highest common divisor of 23 and 4457699?
23
Calculate the highest common factor of 246064 and 952.
56
Calculate the greatest common divisor of 19363 and 379287.
1139
Calculate the greatest common factor of 346626 and 7.
7
What is the greatest common factor of 215876 and 98633?
1861
Calculate the greatest common factor of 40 and 115470.
10
What is the highest common divisor of 152 and 80636?
76
What is the greatest common divisor of 144364 and 2?
2
What is the highest common divisor of 1023 and 126480?
93
What is the greatest common factor of 1295 and 1895?
5
Calculate the highest common divisor of 25854 and 894.
6
Calculate the greatest common factor of 1274 and 42406.
182
What is the highest common divisor of 10520 and 440?
40
Calculate the highest common divisor of 275 and 126720.
55
Calculate the greatest common factor of 84 and 2618.
14
Calculate the greatest common divisor of 4 and 376160.
4
What is the greatest common divisor of 11456 and 128?
64
What is the greatest common divisor of 241 and 234011?
241
Calculate the highest common factor of 10 and 1501.
1
What is the highest common divisor of 42 and 153768?
6
Calculate the greatest common divisor of 4430 and 6740.
10
What is the greatest common factor of 80 and 51630?
10
What is the greatest common divisor of 1376 and 23048?
344
Calculate the greatest common divisor of 407 and 4939.
11
Calculate the greatest common divisor of 486 and 2406.
6
What is the greatest common divisor of 38 and 18639?
19
Calculate the greatest common divisor of 595 and 2135.
35
Calculate the greatest common factor of 14450 and 45050.
850
Calculate the highest common factor of 10873 and 332.
83
What is the greatest common factor of 648 and 3144?
24
Calculate the greatest common factor of 1212 and 2041614.
606
What is the greatest common divisor of 2799 and 33?
3
Calculate the highest common divisor of 1048 and 2306.
2
What is the greatest common factor of 346687 and 11?
11
Calculate the greatest common factor of 1488 and 45291.
93
What is the highest common factor of 93310 and 5642?
434
What is the greatest common factor of 24162 and 12?
6
What is the greatest common factor of 96653 and 38?
19
What is the greatest common factor of 490486 and 1442?
206
Calculate the greatest common factor of 27122 and 2272.
142
What is the highest common divisor of 247 and 7733?
19
Calculate the greatest common factor of 200 and 2488.
8
What is the highest common factor of 36407 and 392?
49
What is the greatest common factor of 1968 and 104?
8
Calculate the highest common factor of 1350 and 23733.
27
Calculate the highest common divisor of 2461242 and 168.
42
What is the greatest common factor of 61038 and 198?
18
What is the greatest common divisor of 5821305 and 30?
15
Calculate the greatest common divisor of 3069 and 13640.
341
Calculate the greatest common divisor of 147117 and 4437.
87
What is the greatest common divisor of 342 and 125343?
171
Calculate the greatest common factor of 2515056 and 72.
24
What is the greatest common divisor of 877 and 269239?
877
What is the greatest common divisor of 35 and 88130?
35
What is the highest common factor of 576 and 180816?
48
What is the highest common divisor of 99 and 9713?
11
Calculate the greatest common factor of 40123 and 7.
1
Calculate the greatest common factor of 611411 and 1.
1
Calculate the highest common factor of 3278187 and 99.
99
What is the greatest common factor of 84 and 27006?
42
What is the greatest common factor of 437 and 1995?
19
What is the greatest common factor of 3038 and 4018?
98
What is the greatest common divisor of 13688 and 104?
8
What is the greatest common divisor of 180 and 34416?
36
Calculate the greatest common divisor of 86144 and 128.
128
What is the greatest common divisor of 657 and 72918?
9
Calculate the greatest common factor of 713 and 10602.
31
What is the greatest common factor of 44 and 20548?
44
What is the greatest common divisor of 2550 and 291210?
510
Calculate the highest common divisor of 49175 and 4025.
175
What is the highest common factor of 1050 and 12?
6
Calculate the greatest common factor of 66 and 27642582.
66
Calculate the greatest common divisor of 8651 and 14348.
211
What is the greatest common factor of 1247 and 